)/9)/((-3)/n)?
2, 5
Let a be -2 - ((2 - 4) + 0). What are the prime factors of 19 + 1 + (0 - a)?
2, 5
Let v(a) = -10*a + 6. List the prime factors of v(-4).
2, 23
Let o = -53 - -94. List the prime factors of o.
41
Let p(z) = z**2 - 6*z - 4. Let c be p(9). Suppose -4*f + 25 + c = 0. What are the prime factors of f?
2, 3
Suppose 82 = 4*g - 4*j - 10, -26 = -2*g - 3*j. List the prime factors of g.
19
What are the prime factors of (-5)/(15/(-213)) - 2?
3, 23
Suppose -4*u - 18 = -u. Let j be (-3)/(-1*u/(-4)). List the prime factors of ((-2)/(-3))/(j/6).
2
Let j = -50 - -64. List the prime factors of j.
2, 7
Let n(d) = -d**3 - 3*d**2 - 2. Let g be n(-3). What are the prime factors of g/(-10) + (-29)/(-5)?
2, 3
Let y(z) = 4*z. Let t be y(2). Suppose 6*j = t*j - 12. List the prime factors of j.
2, 3
Let i(o) = 8*o**2 - o - 2. What are the prime factors of i(-1)?
7
Let p be (-3)/9 + (-2)/(-6). Suppose p = -0*j + j - 24. List the prime factors of (j/(-14))/(-2)*7.
2, 3
Let l(t) = -t**2 + 4*t + 4. Let x(r) be the second derivative of -r**5/4 - r**2/2 + r. Let w be x(-1). List the prime factors of l(w).
2
Let u be (-22)/1*(-2)/(-4). Let d = u - -18. Suppose d = 2*b - b. What are the prime factors of b?
7
Let q = 10 - 8. Suppose q*w - 5*w + 72 = -x, x - 20 = -w. List the prime factors of w.
23
Suppose 43 + 45 = 4*t. Let a = 38 - t. List the prime factors of a.
2
Suppose 4*s - s = -18. Let k = 9 + s. List the prime factors of k.
3
Suppose -2*m + 5 = -1. Let p(w) = -4*w + 1. Let n be p(-3). Suppose -m*u + n = 1. List the prime factors of u.
2
Suppose 4*w = 154 - 58. List the prime factors of 4/(-3) + 632/w.
5
Let l(h) = 6*h - 2. Let m be l(2). Suppose -4*t + 5*k = -m, -3*t + 8*k + 7 = 4*k. Suppose -t*o - 6 = -31. List the prime factors of o.
5
Suppose s = -4*s + 80. Let n = s + -11. Suppose -67 = -n*u + r, 3*u + r - 33 = 4*r. What are the prime factors of u?
2, 7
Suppose -i + 1 = -5*h, -2*h + 5*h - 9 = 3*i. What are the prime factors of ((-14)/(-4))/(i/(-8))?
7
Let x(r) be the first derivative of r**3/3 + 4*r - 2. Let k be x(0). What are the prime factors of -1*10/(-4)*k?
2, 5
Let k = 18 + -13. List the prime factors of k.
5
Let l = 168 + -37. What are the prime factors of l?
131
Let o be 6/10 - 16/10. Let z be 3 + o - 3 - -2. Suppose -3*j + z = -2*p + 21, 4*p = -4*j. List the prime factors of p.
2
Suppose 4*w + z + 40 = 0, 0 = 5*w + 2*z + 29 + 21. Let q be (w/4 - -2)*-4. Suppose 3*x + 9 = 5*a, 0 = a - 1 - q. What are the prime factors of x?
2
Suppose -6*h + 2*h = 1424. What are the prime factors of h/(-18) - (-2)/9?
2, 5
Suppose -4*h + 4*t + 48 + 52 = 0, 4*t - 20 = -2*h. Let f = h - 16. List the prime factors of f.
2
Let a(m) be the first derivative of -m**4/4 + 4*m**3/3 + 3*m**2/2 - 4*m + 2. What are the prime factors of a(4)?
2
Suppose -29 = -2*a - 5*m, 2*m + 36 = 2*a - 0*a. What are the prime factors of a?
17
Let j = -36 + 75. Let h = j + -10. What are the prime factors of h?
29
Suppose -2*n + 7 = -3. Suppose 5*t - 106 = 3*q, n*t + q = 3*q + 104. What are the prime factors of t?
2, 5
Suppose p = 2*p - 4. Suppose -1 = -5*b + 4, -p*v + b + 15 = 0. Let r(g) = 3*g - 3. What are the prime factors of r(v)?
3
Suppose 0 = -3*q - 3*x - 24, -q + 4 = -4*q + x. Let f(v) = 3*v**2 - 2*v + 2. What are the prime factors of f(q)?
5, 7
Suppose 4*r - 87 - 33 = 0. List the prime factors of r.
2, 3, 5
Suppose 78 = 4*f - 2*r + 28, 5*f - 5*r = 75. What are the prime factors of f?
2, 5
Suppose j - 40 = -4*t, 0 = -2*t + 3*j + 10 - 4. List the prime factors of t.
3
Let k = 1 + 3. Suppose 0*c + 3*i = -3*c + 42, 12 = -k*i. List the prime factors of c.
17
Let j be (-8)/(-10)*(-15)/(-6). Suppose -4*n - 12 = 0, n + 8 = j*a + 3. Let v = a + 1. List the prime factors of v.
2
Let h = -20 + 30. List the prime factors of h.
2, 5
Let a = 12 + -1. List the prime factors of a.
11
Let o be (-4)/18 - (-22)/18. List the prime factors of 24 + (6 - 4) + o.
3
Let v be (-32)/(-20) + (-4)/(-10). Let n(x) = -x**3 + 2*x**2 - 1. Let z be n(v). What are the prime factors of (-4)/(-1) + z + 3?
2, 3
Suppose -2 = -2*p - 3*s, -2*p - s = -0*s - 2. List the prime factors of -2*((-2)/1)/p.
2
Let f be (-10)/15 - (-228)/(-9). List the prime factors of 14/91 - 1192/f.
2, 23
Let c(j) = -j**3 + 2*j**2 - 2*j + 1. Let r be c(1). Let v = 24 - 22. Suppose r = 3*a + 3*t - 45, a - 2*a + v*t = -9. List the prime factors of a.
13
List the prime factors of (-608)/(-8) + (-3)/3.
3, 5
Suppose -17 = -5*h - 7. Let p(f) = -3 - h*f + 1 + f**2 + f. List the prime factors of p(4).
2, 5
Let o(l) = l**2 - 3*l + 5. Let p(w) = w - 1. Let s(j) = o(j) + 4*p(j). Let r be s(-5). Let x = r - 15. List the prime factors of x.
2, 3
Suppose 0 = -5*j + 8*j - 63. List the prime factors of j.
3, 7
Let w(z) = 56*z. List the prime factors of w(2).
2, 7
Let f be (-10)/2 - (-12)/6. Let u = f + 1. Let v = u - -7. What are the prime factors of v?
5
Suppose -2*l + 95 = s, -3*s = -0*l + 2*l - 101. What are the prime factors of l?
2, 23
Let m = 127 - -47. What are the prime factors of m?
2, 3, 29
Let v be (-8)/52 - 412/26. What are the prime factors of v/(-6)*15/10?
2
Let l(b) = -b**3 + 9*b**2 - 3*b + 1. Let d be l(9). Let u = d - -36. List the prime factors of u.
2, 5
Suppose o + 4 = -3*i - 0*i, 0 = 5*o - i - 28. Let p(l) = -l**2 + 8*l - 5. What are the prime factors of p(o)?
2, 5
Let p(w) = 8*w**2 - 4*w + 2. Let n be p(2). What are the prime factors of n/3 - 18/27?
2
Let q(i) = -18 - 6*i + 8*i**2 - i**3 + 18. What are the prime factors of q(7)?
7
Suppose -5*m = 15, -5*x - 3*m + 4*m + 1568 = 0. List the prime factors of x.
313
Let k = 50 - 29. List the prime factors of k.
3, 7
Let q be 3/5 - 22/(-5). Suppose q*d - 35 = -0*d. List the prime factors of d.
7
Suppose -3*a + 5 = -13. Let j be -1 + 13*(0 - -1). Let u = j - a. List the prime factors of u.
2, 3
What are the prime factors of (1068/30)/((-3)/(-30))?
2, 89
Suppose -3 = -a - 0. Suppose 1 = -a*k + 10. List the prime factors of (27/3 - k) + 1.
7
Let l be (1 - (-4)/2) + 0. Let d = 3 - l. List the prime factors of 10/2 + (-1 - d).
2
Let c be 1 - -139 - 0/3. List the prime factors of ((-2)/5)/((-4)/c).
2, 7
Let l(n) = 6*n**2 + 5 - n**3 + 2*n**2 - n**2 - 5*n. List the prime factors of l(6).
11
Suppose 3*r = -5*c + 7*c + 11, 0 = 3*r - 15. List the prime factors of c.
2
Let z be ((-4)/(-8))/(2/(-52)). Let u = -7 - z. Let g = u - 1. What are the prime factors of g?
5
Let v(i) be the second derivative of i**4/12 + i**3/3 + i**2 + i. Let x be v(-2). Suppose 4*r + 12 = -z - z, -5*r = x*z + 17. List the prime factors of z.
2
Let t = 190 - 25. List the prime factors of t.
3, 5, 11
Suppose 0 = -3*g + 5*t - 11, 0 = g + 2*g + 4*t + 2. What are the prime factors of (g + (-72)/(-20))*5?
2
Let i(s) = -4*s - 3. Let j be i(-2). Suppose -18 = 2*k - 74. Suppose k = -z + j*z. List the prime factors of z.
7
Let h = -10 - -27. What are the prime factors of h?
17
Let o(j) = -2*j + 99. What are the prime factors of o(0)?
3, 11
Let h(g) = -g**2 - 6*g - 3. Let u be h(-3). Let o be 45/u*60/9. Suppose -o = 3*t - 8*t. What are the prime factors of t?
2, 5
Suppose 0 = 3*c - c - 144. List the prime factors of c.
2, 3
Let s be ((-4)/6)/(6/27). Suppose -2*f - 10 = -q, -5*f + 3*f = -3*q + 14. List the prime factors of (q - 1)/(s/(-36)).
2, 3
Suppose 45 = 3*t + 5*r, 0 - 5 = t - 5*r. Suppose -2*u + t = 3*u. What are the prime factors of u?
2
Suppose -3*i + 13 = 1. Suppose 6 = 3*x, -i*x = -2*z - 2*x. List the prime factors of z.
2
Let u = 11 + -1. Let l = u - 2. List the prime factors of l.
2
Let m(s) = -2*s - 12. Let g be m(-10). Let n = 13 - g. What are the prime factors of n?
5
Let w(v) = -9*v**2 - 2*v + 7. Let b(n) = 4*n**2 + n - 3. Let a(g) = 7*b(g) + 3*w(g). Suppose 0 = 4*y + 4 + 4. What are the prime factors of a(y)?
2
Suppose 0 = -3*s - 5*c + 151, -2*s + s - c + 51 = 0. What are the prime factors of s?
2, 13
Let l(j) = j**2 + 7*j - 9. What are the prime factors of l(-11)?
5, 7
Suppose -x - x = -28. Suppose 31 = 3*s - x. What are the prime factors of s?
3, 5
Let b = 59 + 10. Let q = b - 37. What are the prime factors of q?
2
Let v(a) = 7*a + 30. Let o be v(-5). Suppose 3 = 4*f - 33. Let m = f - o. List the prime factors of m.
2, 7
Suppose r + 14 = 2*u, -9 + 44 = 5*u - 5*r. Let z(w) = w**2 - 6*w - 5. List the prime factors of z(u).
